ime number?
False
Let t be 15/(-2) - 3/6. Let g = t - -24. Let r = g - -3. Is r a prime number?
True
Suppose 6 = -3*u + 3, -4*u + 1111 = 5*m. Is m a composite number?
False
Let h(i) = -i**2 - 12*i - 9. Let n be h(-11). Suppose -4*y = k - 368, -74 - 112 = -n*y - k. Is y composite?
True
Suppose 2*a + 88 = 4*l - 0*a, 0 = -5*l + 2*a + 108. Let c = l - -73. Is c a prime number?
False
Let m(g) = g + 9. Let f be m(-7). Suppose -f*a = -a + 69. Is 1*(a/(-1) + -2) prime?
True
Suppose 0 = 32*y - 31*y - 967. Is y a prime number?
True
Let q(y) = y**3 - 6*y**2 + 5. Let x be q(6). Suppose -p - 219 = -4*l, 277 = x*l - 3*p + 5*p. Is l composite?
True
Let p = 7389 + -508. Is p a composite number?
True
Suppose 2*p = f - 148, 5*f = f - 2*p + 602. Suppose 2*h = -14 - f. Let a = h - -135. Is a prime?
True
Let j be (-4)/(-16)*10*2. Suppose j*a = 7 + 118. Is a a composite number?
True
Suppose 4*n = -4*f + 952, 5*f - 131 = -4*n + 820. Is n a composite number?
False
Suppose 0*x - x - 4 = -a, -2*a - x + 17 = 0. Suppose m - 14 = a. Is m a composite number?
True
Let t be (-4)/(-2) + 1148/2. Let m = t - 389. Is m a composite number?
True
Let c = 2 - 2. Let w be 2/(2 - 0) - c. Suppose w = p - 9. Is p a composite number?
True
Let c be 1*(1 - 1/1). Suppose 3*r + c*r + 6 = 0. Is (r - -4)/2 + 24 prime?
False
Suppose 2*b + 2*y = -2*y - 14, 0 = 2*b + 3*y + 15. Let l be ((-666)/8)/((-6)/24). Is (3/b)/((-3)/l) a composite number?
False
Is ((-1)/(-4))/((-1)/(-1004)) composite?
False
Is 1*(-1 - -56)*(-20)/(-50) prime?
False
Suppose m - 692 - 263 = 0. Is m a composite number?
True
Let w = 912 + -614. Suppose 2*a - 4*a = -w. Is a prime?
True
Suppose -z - 4*z - 30 = 0. Let y be ((-525)/z)/(1/2). Let b = y + -122. Is b a prime number?
True
Suppose 0*o = -3*o + 6, 6 = -2*i + 4*o. Is (-70 + -4)*i/(-2) a prime number?
True
Let k = 80 - 84. Suppose 3*s - 20 = 4*s. Is s*-1*(-11)/k composite?
True
Suppose g - 5*b + 12 = -3*g, 0 = 5*b - 20. Let v = g + -4. Is v/(-3) - 597/(-9) prime?
True
Let f(k) = -k - 5. Let j be f(-4). Is (j - -1) + (19 - 6) composite?
False
Suppose 4*w + 4*c = 228, c = 3*c - 4. Suppose 3*n - 5*u = -w, 5 = -2*u + 3*u. Is 2 - 4 - n - -1 a prime number?
False
Let g = -18 + -22. Let q = 85 + g. Suppose 3*l - 5*r = -4*r + 35, 5*r - q = -5*l. Is l composite?
False
Let o(w) be the third derivative of w**5/10 + w**4/12 + w**3/6 + 4*w**2. Let h be o(-1). Suppose -448 = -2*y - y + s, h*y + 4*s - 741 = 0. Is y prime?
True
Suppose 4*y - 5*y + 33 = 0. Is y composite?
True
Suppose -2*f = 2*f - 3820. Is f prime?
False
Let w be 6/(-15) + 2/5. Suppose 4 = r - w*r. Suppose -15 = r*i - 75. Is i composite?
True
Let z be 16/6 - 16/(-12). Suppose -f + 266 = 5*s, -490 = -2*f - 0*f + z*s. Is f composite?
False
Suppose 2101 = 4*o - 4071. Is o prime?
True
Let u = 2 + 3. Suppose 7 = u*m - 3. Suppose 0*a + k - 62 = -3*a, m*k = 3*a - 47. Is a composite?
False
Let y = 2179 + -1130. Is y prime?
True
Suppose 0 = -7*p - 4*p + 49357. Is p a composite number?
True
Suppose -4*c = 3*n - 227 - 480, -2*c - 5*n + 357 = 0. Suppose 3*r + 5*t = 226, -t = -4*r + c + 87. Is r a prime number?
True
Suppose p + p - 4 = 0, -5*j - 2*p = -24. Suppose -3*m + 6 = -j*n - 8*m, 4*n = -3*m - 2. Is 1 + n + 6 + -1 a prime number?
True
Let t = -137 + 248. Is t a prime number?
False
Let m(y) = y + 5. Let n be m(-3). Let t = 4 - 6. Is 79 + n + -2 + t a composite number?
True
Let q(j) = -4*j**2 + 8*j + 7. Suppose -3*z = 3*c - 6*z - 30, 0 = -2*c - 4*z - 4. Let h(l) = l**2 + l + 1. Let d(x) = c*h(x) - q(x). Is d(3) a prime number?
True
Let v be 16/24 + 2/(-3). Suppose 0*n + n = v. Suppose -5*s - 1162 = -4*b, b + n*b - 295 = -s. Is b a prime number?
True
Suppose -y - 5 = -61. Let r = 183 - y. Is r a composite number?
False
Suppose -l - 4*g = -136, 0 = 2*l + 3*g - 211 - 66. Let k = 45 + l. Is k a composite number?
True
Let l = 9 + 4. Suppose -w + l = -4*o, -18 = 4*w - 2*w + 3*o. Let j(p) = -7*p - 2. Is j(w) a prime number?
True
Suppose -s + 2 = -3. Let i = -5 + s. Suppose -3*a = -i*a - 201. Is a a prime number?
True
Suppose 2*h + 2*j - 6 = -0*h, -1 = h - 3*j. Suppose h*y + 2*y - 12 = 4*b, -2*y + 18 = 4*b. Suppose c + 22 = 4*p + 4*c, b*p - 24 = 5*c. Is p a prime number?
True
Let q(z) = 2*z**3 - 6*z**2 - 14*z + 17. Is q(8) prime?
False
Suppose 2*k + 1555 = 3*k + 2*d, 3*k - 4680 = -d. Is k prime?
False
Suppose 3*q - 2*i = -1715, -i + 2890 = -5*q - 4*i. Let y = -326 - q. Is y a composite number?
True
Let x(t) = 5*t**2 - t - 1. Let l be x(1). Suppose -6*m + 621 = -l*m - 3*s, 0 = 3*m - s - 629. Is m a prime number?
True
Let c = 4 - 3. Let r be -2*c - (-4 - 0). Is 212/r*2/4 a prime number?
True
Let g(d) = -d**3 - 9*d**2 - 7*d + 12. Is g(-11) a composite number?
False
Let q = -439 - -631. Suppose 0 = 4*z + w - q - 15, -2*z = -w - 99. Is z prime?
False
Suppose 4*r - 5*m = 3079, 3086 = r + 3*r + 2*m. Let n = 80 + r. Is n prime?
False
Let q(v) = 6*v**3 - 7. Is q(5) a composite number?
False
Is (-1)/(370/125 + -3) a composite number?
True
Let g(h) = -35*h**3 + h**2 - h - 3. Let y be g(-2). Suppose -5*l + 469 = -2*v, -6*l + 3*l = -2*v - y. Is l a composite number?
True
Suppose -3*o - i + 10 = 0, -4*o + 8*i = 4*i - 24. Suppose -16 = -o*x - 4. Suppose -x*z = -5*z + 18. Is z composite?
True
Let c = -868 + 1861. Is c a composite number?
True
Let b be (-1)/(-4) - (-33)/(-4). Is -1 - ((0 - 3) + b) prime?
False
Let v(s) = 2*s**2 + 2*s - 1. Let a be v(-2). Suppose 3*u + 6 = -0*u + 3*b, -u - a*b = -10. Is (-524)/(-6) + u/(-3) a composite number?
True
Let i = 228 - -39. Suppose -i = -2*v - v. Is v a composite number?
False
Let k = 16 + -12. Suppose -449 = -5*x + k*x. Is x prime?
True
Let h(n) = 5 + n**2 + 0 - n - 1. Let i be h(0). Suppose 0 = 2*q + i*o - 6, -3*q + 2*o + 39 = 2*q. Is q a prime number?
True
Let j(k) = -k**3 + 8*k**2 - 10*k - 8. Is j(-7) a prime number?
True
Let i = 97 - 40. Is i a composite number?
True
Let a(p) = -21*p**2 - 2. Let n be a(-3). Let m = n - -124. Let w = -12 - m. Is w composite?
True
Let y be (-8)/(-3)*(-15)/(-10). Suppose -4*o = -3*x - 2*x - 36, -y*o + 24 = -2*x. Suppose a = 3*f - 250, -5*f - o*a + 0*a = -445. Is f a prime number?
False
Is 6/(-33) - (-4206)/22 a prime number?
True
Suppose -5*g - 110 = -5*h, 0*h = -4*h + 3*g + 88. Let b = h + -13. Is b prime?
False
Let j = 308 + -159. Is j a composite number?
False
Let c = -1211 + 1834. Is c a prime number?
False
Suppose 0*f - 26 = -2*f - 5*o, 19 = 5*f + o. Suppose 0*m - f*m = 18. Is (2 + 6/(-2))*m prime?
False
Let r(g) = -19*g - 1. Let t be ((-1)/2)/((-2)/(-8)). Is r(t) a composite number?
False
Suppose v + 5038 = k, 5*k - 2*v - 21216 = 3977. Is k a prime number?
True
Let i be (1/(-1))/(2/(-10)). Suppose i*n - 40 - 445 = 0. Is n composite?
False
Suppose -590 - 134 = -2*l. Is l a prime number?
False
Suppose 110 = 6*r - r. Suppose c - 15 = r. Is c a prime number?
True
Let b(r) = 217*r**2. Let f(y) = y**2 + 8*y + 11. Let k be f(-6). Is b(k) composite?
True
Let b(v) = -v**3 + 4*v**2 - 2*v + 3. Let w be b(4). Is (-12432)/(-35) + 1/w a composite number?
True
Let s be 4/(-6) + 8/3. Is (1 - -105)*1/s a composite number?
False
Let y = -82 - -621. Let b = 4 - 0. Suppose b*i + 31 = y. Is i a prime number?
True
Let z(k) = -k**2 - k + 913. Is z(0) a composite number?
True
Suppose -143 = -5*v + 2*u, -2*v + v + 2*u + 35 = 0. Let r = v + 0. Let k = r - 5. Is k prime?
False
Is (-5369)/(-8) + (-15)/120 composite?
True
Let h(c) = -c**3 + 2*c + 0*c**3 - 6*c**2 + 0*c**2 - 4*c - 8. Is h(-9) a prime number?
False
Let g be 24*-1*53/(-2). Suppose 2*s - g = 22. Is s/6 - 3/(-18) prime?
False
Suppose -p - 105 = -3*o, -3*o + 105 = 3*p - 0*p. Is o prime?
False
Suppose -183*o + 181*o + 1402 = 0. Is o prime?
True
Suppose -5*k + 229 + 226 = 0. Is k prime?
False
Let u be 124/9 - (-10)/45. Let w = u - -7. Is w composite?
True
Let v(n) = n**2 - n - 13. Is v(9) prime?
True
Suppose -5*b + 40 = -75. Let k = 10 + b. Is k composite?
True
Let t = -16 + 9. Let h(r) = -r - 9. Let u be h(t). Is ((-1)/u)/((-3)/(-138)) a prime number?
True
Suppose 3*b + 2*m - 92 = 0, 3*m = -2*b + 64 - 1. Let t = 51 - b. Is t a composite number?
True
Suppose 0 = -4*g + 2*v + 120, -g = -4*g + 3*v + 87. Let k = 28 - 20. Let x = g - k. Is x prime?
True
Let v(h) = -2*h - 1. Let t be v(-2). Let c(j) = j**2 + 5 - 7*j + t - 2. Is c(7) a prime num